{"id":47444,"date":"2021-11-22T15:34:59","date_gmt":"2021-11-22T14:34:59","guid":{"rendered":"https:\/\/coperello.com\/producte\/aceite-de-aceituna-virgen-extra-coperello\/"},"modified":"2026-08-28T12:46:04","modified_gmt":"2026-08-28T10:46:04","slug":"aceite-de-oliva-virgen-extra-coperello","status":"publish","type":"product","link":"https:\/\/coperello.com\/es\/producte\/aceite-de-oliva-virgen-extra-coperello\/","title":{"rendered":"Aceite de Oliva Virgen Extra &#8211; Coperell\u00f3"},"content":{"rendered":"<p>Descubre el Aceite de Oliva Virgen Extra <a href=\"https:\/\/www.google.com\/search?q=Cooperativa+Agr%C3%ADcola+St+Isidre+del+Perell%C3%B3&amp;stick=H4sIAAAAAAAA_-NgU1I1qDA0SjQ0TDIyME6zsEw0SjW3MqgwMTFJNjU3MkhOM09JTDM3X8Sq45yfX5BalFiSWZao4JhedHhtcn5OokJwiYJncWZKUapCSmqOQkBqUWpOzuHNAOEdastYAAAA&amp;hl=es&amp;mat=CaNJR35P8iZ4ElcB8pgkaMEP3PpLiaM9gL6yQalwhTRRBNh79Yj_z7guHzh_ShXUAQmUCCafQxwGWCc9dvqEPvDJhw5XN8CygQkD35HMG6oAq7AoEJi8uC-IlB2OWwmge4E&amp;authuser=0\" target=\"_blank\" rel=\"noopener\">Coperell\u00f3<\/a>, un producto gourmet prensado en fr\u00edo. Adem\u00e1s, tiene una combinaci\u00f3n \u00fanica de aromas maduros y notas verdes que aportan un equilibrio arom\u00e1tico excepcional.<\/p>\n<p>Asimismo, este aceite premium es ideal para acompa\u00f1ar ensaladas y otros platos. Tambi\u00e9n est\u00e1 disponible en formato de 5 L, perfecto para los amantes de la excelencia culinaria.<\/p>\n<p>Por tanto, no lo dudes m\u00e1s y compra ahora tu Aceite de Oliva Virgen Extra Coperell\u00f3.<\/p>\n","protected":false},"excerpt":{"rendered":"<p>Descubre el Aceite de Oliva Virgen Extra Coperell\u00f3, un producto gourmet prensado en fr\u00edo que ofrece una combinaci\u00f3n \u00fanica de aromas maduros y notas verdes.<\/p>\n<p>Este aceite premium es perfecto para acompa\u00f1ar ensaladas y otros platos, aportando un equilibrio arom\u00e1tico excepcional.<\/p>\n","protected":false},"featured_media":47655,"template":"","meta":{"_seopress_titles_title":"%%post_title%% %%sep%% Coperell\u00f3","_seopress_titles_desc":"Aceite de oliva virgen extra Coperell\u00f3, prensado en fr\u00edo en la zona del Baix Ebre-Montsi\u00e0. Disfruta del sabor y la calidad de aceitunas seleccionadas para tus platos.","_seopress_robots_index":"","_seopress_robots_follow":"","_seopress_robots_imageindex":"","_seopress_robots_snippet":"","_seopress_robots_primary_cat":"","_seopress_robots_breadcrumbs":"","_seopress_robots_freeze_modified_date":"","_seopress_robots_custom_modified_date":"","_seopress_robots_canonical":"","_seopress_social_fb_title":"","_seopress_social_fb_desc":"","_seopress_social_fb_img":"","_seopress_social_fb_img_attachment_id":0,"_seopress_social_fb_img_width":0,"_seopress_social_fb_img_height":0,"_seopress_social_twitter_title":"","_seopress_social_twitter_desc":"","_seopress_social_twitter_img":"","_seopress_social_twitter_img_attachment_id":0,"_seopress_social_twitter_img_width":0,"_seopress_social_twitter_img_height":0,"_seopress_redirections_value":"","_seopress_redirections_enabled":"","_seopress_redirections_enabled_regex":"","_seopress_redirections_logged_status":"","_seopress_redirections_param":"","_seopress_redirections_type":0,"_seopress_analysis_target_kw":"","_seopress_news_disabled":"","_seopress_video_disabled":"","_seopress_video":[],"_seopress_pro_schemas_manual":[],"_seopress_pro_rich_snippets_disable_all":"","_seopress_pro_rich_snippets_disable":[],"_seopress_pro_schemas":[]},"product_brand":[],"product_cat":[796,797],"product_tag":[],"class_list":["post-47444","product","type-product","status-publish","has-post-thumbnail","product_cat-aceite","product_cat-coperello","first","instock","featured","taxable","shipping-taxable","purchasable","product-type-variable"],"_links":{"self":[{"href":"https:\/\/coperello.com\/es\/wp-json\/wp\/v2\/product\/47444","targetHints":{"allow":["GET"]}}],"collection":[{"href":"https:\/\/coperello.com\/es\/wp-json\/wp\/v2\/product"}],"about":[{"href":"https:\/\/coperello.com\/es\/wp-json\/wp\/v2\/types\/product"}],"wp:featuredmedia":[{"embeddable":true,"href":"https:\/\/coperello.com\/es\/wp-json\/wp\/v2\/media\/47655"}],"wp:attachment":[{"href":"https:\/\/coperello.com\/es\/wp-json\/wp\/v2\/media?parent=47444"}],"wp:term":[{"taxonomy":"product_brand","embeddable":true,"href":"https:\/\/coperello.com\/es\/wp-json\/wp\/v2\/product_brand?post=47444"},{"taxonomy":"product_cat","embeddable":true,"href":"https:\/\/coperello.com\/es\/wp-json\/wp\/v2\/product_cat?post=47444"},{"taxonomy":"product_tag","embeddable":true,"href":"https:\/\/coperello.com\/es\/wp-json\/wp\/v2\/product_tag?post=47444"}],"curies":[{"name":"wp","href":"https:\/\/api.w.org\/{rel}","templated":true}]}}

Aceite de Oliva Virgen Extra &#8211; Coperelló

<p>Descubre el Aceite de Oliva Virgen Extra <a href="https://www.google.com/search?q=Cooperativa+Agr%C3%ADcola+St+Isidre+del+Perell%C3%B3&amp;stick=H4sIAAAAAAAA_-NgU1I1qDA0SjQ0TDIyME6zsEw0SjW3MqgwMTFJNjU3MkhOM09JTDM3X8Sq45yfX5BalFiSWZao4JhedHhtcn5OokJwiYJncWZKUapCSmqOQkBqUWpOzuHNAOEdastYAAAA&amp;hl=es&amp;mat=CaNJR35P8iZ4ElcB8pgkaMEP3PpLiaM9gL6yQalwhTRRBNh79Yj_z7guHzh_ShXUAQmUCCafQxwGWCc9dvqEPvDJhw5XN8CygQkD35HMG6oAq7AoEJi8uC-IlB2OWwmge4E&amp;authuser=0" target="_blank" rel="noopener">Coperelló</a>, un producto gourmet prensado en frío. Además, tiene una combinación única de aromas maduros y notas verdes que aportan un equilibrio aromático excepcional.</p>
<p>Asimismo, este aceite premium es ideal para acompañar ensaladas y otros platos. También está disponible en formato de 5 L, perfecto para los amantes de la excelencia culinaria.</p>
<p>Por tanto, no lo dudes más y compra ahora tu Aceite de Oliva Virgen Extra Coperelló.</p>

<p>Descubre el Aceite de Oliva Virgen Extra Coperelló, un producto gourmet prensado en frío que ofrece una combinación única de aromas maduros y notas verdes.</p>
<p>Este aceite premium es perfecto para acompañar ensaladas y otros platos, aportando un equilibrio aromático excepcional.</p>

%%post_title%% %%sep%% Coperelló

Aceite de oliva virgen extra Coperelló, prensado en frío en la zona del Baix Ebre-Montsià. Disfruta del sabor y la calidad de aceitunas seleccionadas para tus platos.
